of p?
2
Suppose l = -g + 3, -3*l + 3 = -5*g + l. Let f(w) be the second derivative of 11*w**4/12 - w**3/3 + w**2/2 - 13*w. What is the tens digit of f(g)?
1
Suppose y = 2*y - 2*s - 9, -2*y + 14 = -2*s. Let a = y - 4. What is the units digit of a?
1
Let w be (-94)/4 - 3/6. Let n = w - -51. What is the tens digit of n?
2
Let i = 7 + -3. Suppose -6 = i*d - 30. What is the units digit of d?
6
Let c = 1 - -4. Let m = -4 + c. What is the units digit of m?
1
Suppose 16 = 4*i - 36. What is the units digit of i?
3
Suppose 31*h - 27*h = 332. What is the units digit of h?
3
Let y(u) = 7*u**3 + 7*u**2 + 17*u - 15. Let w(g) = 3*g**3 + 4*g**2 + 8*g - 7. Let n(d) = -5*w(d) + 2*y(d). What is the tens digit of n(-5)?
1
Suppose -23 - 175 = -3*g + 3*k, 5*k + 194 = 3*g. What is the tens digit of g?
6
Let n(m) = m**3 - 4*m**2 + 2*m. Let b be n(3). What is the units digit of 80/24*(0 - b)?
0
Suppose 2*o - 498 = -4*o. What is the tens digit of o?
8
Suppose 2 + 143 = 5*t. What is the tens digit of t?
2
Let j = 171 + -83. What is the tens digit of j?
8
Let i(t) = 5*t**2 - t + 2. Let z(q) = -q - 1. Let n be z(1). Let u be i(n). Let s = u - 10. What is the tens digit of s?
1
Let p = -103 - -173. What is the tens digit of p?
7
Let k(u) = u**2 + 8*u - 2. Suppose -3*b + 3*z = -0*b + 33, 3*z - 24 = 2*b. What is the units digit of k(b)?
7
Let k be (-9)/2*32/(-6). Suppose -4*f - 3*s - 19 = 0, 0 = -4*f + 3*f + 5*s + k. What is the units digit of ((-28)/(f + -1))/2?
7
Suppose -5*o - 2*q + 145 = 0, 3*o - 44 - 32 = q. What is the tens digit of o?
2
Suppose -6*w + w = -20, -r + 2*w + 16 = 0. Suppose 3*q + 0*q = -r. What is the units digit of q*1/4*-2?
4
Suppose 6*r = 4*r. What is the units digit of (3 - -17) + (0 - r)?
0
What is the tens digit of 2/((-6)/(-57))*5?
9
Let y(f) = -f**2 - 6*f - 5. Let z be y(-4). Suppose -2*o + 10 = 5*n, z*o = o + 4*n + 10. What is the units digit of o?
5
Suppose 5*n - 3*r - 25 = 0, -4*n + 2*r + 17 = -1. What is the units digit of (12*(-1)/(-1))/n?
6
What is the tens digit of (-236)/(-8) - (-1)/2?
3
Suppose -j + 42 = -90. What is the tens digit of j?
3
Let o be 125/(-7) - 3/21. What is the units digit of -2*(-21)/o*-3?
7
Suppose 8 = 4*x - 0*x. Let g be 1*(2 - (5 - x)). What is the tens digit of (-35 - 1/g)/(-2)?
1
Suppose 0 = -r - 2*r + 93. What is the tens digit of r?
3
Suppose 20 = 2*j - v + 6*v, -5*j + v = 4. Let w = 2 - j. Suppose 5*m - 3*k = 49, 0*m + 18 = w*m - 2*k. What is the units digit of m?
1
Let b(u) = u**2 - 3*u - 3. Let a be b(4). What is the units digit of a*(-2 - -9) - 0?
7
Suppose -5*p + 18 = -2*p. What is the units digit of p?
6
Suppose -2*z - 7 = 1. Let s be -1*z/(-6)*-3. What is the tens digit of 198/15 + s/(-10)?
1
Let m = -85 + 134. What is the tens digit of m?
4
Let i(t) = -t**3 + 12*t**2 - 10*t - 2. Suppose 0*k - 2*k = -22. What is the units digit of i(k)?
9
Let n = -5 - -9. Suppose -5*m = 5*h - 3*h + 14, -2*h - 10 = n*m. What is the units digit of h?
3
Let r = -4 - -6. Suppose -31 = r*y - 11. What is the tens digit of 6/(-10) + (-106)/y?
1
Let h = -37 + 58. What is the tens digit of h?
2
Let s = -6 - 0. Let x = s - -15. Let d = 2 + x. What is the units digit of d?
1
Let a be 2 + (-4 + 2 - -2). Suppose -t - 74 = -a*n, 0 = 4*n - 4*t - 59 - 85. What is the units digit of n?
8
Let m(c) = c**2 - 10*c + 11. Let p be m(9). Suppose z + j = 16, 76 = 5*z + 6*j - p*j. What is the tens digit of z?
1
Suppose 0 = 12*z - 7*z - 1675. What is the tens digit of z?
3
Let n = 1 + -2. Let t = n + 4. What is the units digit of t?
3
Let j(m) = m**2 - 6*m + 1. What is the tens digit of j(-3)?
2
Suppose 0 = -5*c + 20, -m - 4 = -2*c + 2. Suppose m*v = -v - 3*i + 87, -2*i - 10 = 0. What is the units digit of v?
4
Let p(s) = s**2 - 7*s - 2. Let n(g) = g**2 + 5*g - 6. Let y be n(-7). What is the units digit of p(y)?
6
Let x be 14/(-1 - (-5 + 2)). Let u = x - 9. What is the units digit of (u/(-5))/((-1)/(-5))?
2
Let d(h) = h**3 - 8*h**2 - 11*h + 4. Let z be ((-5)/2 - -2)*-18. Let u be d(z). Let o = 20 + u. What is the units digit of o?
6
What is the tens digit of 3608/20 - 3/(-5)?
8
Suppose -3*a = -4*a - 4. Let l(i) = i**2 + 3*i + 4. What is the units digit of l(a)?
8
Let c(l) = -l + 3. Let r be c(12). Let d = r + 22. What is the units digit of d?
3
Suppose 3*n + 6*c - 152 = c, -3*n + 2*c = -166. Let d = n + -37. What is the tens digit of d?
1
What is the tens digit of (-180)/(-105)*49/2?
4
Let f(h) = 4*h**2 + 5*h - 26. What is the units digit of f(4)?
8
Suppose 2 + 1 = s. Suppose 2*q + 3*q + s*m - 145 = 0, 5*m + 87 = 3*q. What is the tens digit of q?
2
Let n(p) = -131*p + 3. What is the hundreds digit of n(-2)?
2
Suppose -n = -25 - 5. What is the tens digit of n?
3
Let m(a) = -a**3 - 8*a**2 + 2. What is the units digit of m(-8)?
2
Let r = -22 + 97. What is the tens digit of r?
7
Let y = 38 + -17. What is the tens digit of y?
2
What is the units digit of (-1 - (-3 - -4)) + 46?
4
Suppose -5*f = -5*t, 2 = 2*f - t - 0. Suppose f*i + 2*a + 2*a - 50 = 0, 5*a = -5. What is the tens digit of i?
2
Let c(o) = -2*o**2 - 26*o + 4. What is the units digit of c(-11)?
8
Suppose -20 = p - 80. What is the units digit of p?
0
Let r = 13 - 5. Let p be (-2)/8 - (-42)/r. Suppose 4*y - p = 3. What is the units digit of y?
2
Let z be -3*2*(-159)/6. Let m = z + -85. What is the units digit of 3/(-12) + m/8?
9
Let l be (63/28)/((-2)/8). Let i be (-24)/l*1*6. Let b = i - 7. What is the units digit of b?
9
Let y = 3 - -3. Suppose 5*q = 5, y = k - q - 0*q. Suppose -4*o = -45 - k. What is the tens digit of o?
1
Let r(x) = 3*x**2 + 2*x + 1. Let a be r(-1). Let i = a + -4. Let z = i - -3. What is the units digit of z?
1
Let g(r) = 2*r**2 + 3*r + 1. Let c be g(-2). Let p(z) = z - 1. Let q be p(c). Let n = 4 - q. What is the units digit of n?
2
Suppose -2*k - 3*k + 30 = 0. Suppose 4*a - a - 4 = s, s = -2*a + k. Suppose -55 = a*r - 7*r. What is the tens digit of r?
1
Let w(u) = -5*u + 3. Let o(d) = 4*d - 2. Let z(a) = -6*o(a) - 5*w(a). What is the units digit of z(7)?
4
Let y = -77 + 174. What is the tens digit of y?
9
Let o be (0 + 1)/(1/12). Suppose -s + 2*s + 1 = 0. What is the units digit of (s/2)/((-6)/o)?
1
Let l = 4 - 0. What is the units digit of (-6)/l*16/(-12)?
2
Let r = -2 - -50. Let t = -9 + r. What is the tens digit of t?
3
Suppose -5 = 5*a, 116 = -3*v + 6*a - 2*a. Let u = v + 70. What is the units digit of u?
0
What is the units digit of (4/12)/(3/18)?
2
Suppose 2*w - 33 = -w. What is the tens digit of w?
1
Suppose 13 + 3 = w. Suppose 6*h - 2*h = w. Let v = 5 - h. What is the units digit of v?
1
Let k(g) be the first derivative of g**4/4 + 8*g**3/3 - 9*g**2/2 - g + 3. Let t be k(-9). What is the units digit of (0 + t)*(-1 - 4)?
5
Suppose -2*w + 1 = 7. Let q = w + 18. What is the tens digit of q?
1
Let n(j) = j**3 + 8*j**2 - j - 6. Let h be n(-8). Suppose -5 = -h*f + 3. Suppose 4*t - f*x = -9*x + 78, -5*x = -2*t + 24. What is the tens digit of t?
1
Let j = -2 + 21. Suppose 37 = 2*c - j. What is the tens digit of c?
2
Let i = 11 + -9. Suppose 16 = 2*y + i. What is the units digit of y?
7
Let j = -5 + 7. Suppose -j*r = -2*m - m, 0 = -2*r. Suppose 0 = 2*z - 4 - m. What is the units digit of z?
2
Suppose 0 = 5*j - j - 56. Suppose 0 = -g - 4*v + v - 3, g + 5*v = -7. Suppose j = 5*y - g*y. What is the units digit of y?
7
Let p(a) = -2*a + 4*a + 2 + 5*a - a. Let t be p(3). Let s = t - 11. What is the units digit of s?
9
Let p(z) = -z**3 - 2*z**2 + 2*z - 2. Let a be p(-3). Suppose 2*q - 46 = -0*m + 5*m, 3*m = -q + a. What is the tens digit of q?
1
Let y be (-3)/2*-2*10. Let w be y/4 - (-9)/(-6). Let t = -4 + w. What is the units digit of t?
2
Let s(f) be the first derivative of -f**4/4 + f**3 + 2*f**2 - 2*f + 2. What is the units digit of s(3)?
0
Let x = -3 - -4. Let c be 72/15 + x/5. Suppose -2*r + 6 = -b, 0*b - 16 = -c*r + 2*b. What is the units digit of r?
4
Suppose 5*v - 4*v + 5 = -2*x, 0 = 4*x - 2*v - 2. What is the tens digit of (-4)/(-8)*(x + 33)?
1
Suppose 0*p + 2*z = -2*p + 282, -5*z + 282 = 2*p. What is the units digit of p?
1
Let b(p) = p**2 - 6*p - 9. What is the tens digit of b(-7)?
8
Let i(c) = -c**2 - 5*c + 6. Let t be i(-6). Let x(y) = -y. Let j be x(t). What is the units digit of 3 - j/((-6)/(-3))?
3
Let q(t) = t**3 - 9*t**2 - 3*t - 4. What is the tens digit of 